.
5
Suppose 14*x - 16*x = -4. Let z(o) = 0*o**2 - o**3 - 7*o**x - 7*o + 7 + 17 - 20. Calculate z(-6).
10
Let b(l) = 5 - 11*l - 3 - 4 + 1. Let x(q) = 3*q + 2. Let t be x(-1). Let v = 0 + t. Determine b(v).
10
Let q = -41 + 41. Let p(f) = -9*f + 7*f + 3*f + 1 + q. What is p(5)?
6
Let k(v) be the third derivative of -v**5/60 - v**4/8 - v**3/6 - v**2 - 53. Let p be 2/(1*2/4). Suppose -m = -0*u + 2*u - 8, p = 3*m + 2*u. Give k(m).
1
Let m(x) be the first derivative of -x**2 + 6*x + 2*x + 9 - 10*x - 3. Let r be m(-2). Let u(h) = -4*h**2 + 1. Calculate u(r).
-15
Let q(x) = 2*x + 1. Let p(b) = -b**3 + 9*b**2 - 2*b. Let f be p(0). What is q(f)?
1
Let k(y) be the third derivative of -y**4/24 - 2*y**3/3 - y**2 + 93. Determine k(-7).
3
Suppose -13*y + 12*y = 3*c - 29, -4*y + 35 = 3*c. Let z(t) = -4*t + 5. Calculate z(c).
-31
Let l(k) = -k**2 + 6*k + 4. Let c(a) = -a**2 - 3*a + 48. Let f be c(5). Determine l(f).
-12
Let a be (1/(-2))/(2/(-24)). Let m(r) = -24*r + 66. Let k(d) = -11*d + 30. Let s(g) = 13*k(g) - 6*m(g). What is s(a)?
0
Let j(l) be the second derivative of -l**5/60 - l**4/3 + 2*l**3/3 + 3*l**2 - 28*l. Let c(y) be the first derivative of j(y). What is c(-9)?
-5
Let n(v) be the first derivative of 17*v**4/4 - 2*v**3/3 - v**2 - v - 22. What is n(-1)?
-18
Suppose -21*k - 57 = -24*k. Let u(z) = z**2 - 19*z - 3. Determine u(k).
-3
Let l(y) = 2288*y + 37*y**2 - 3*y**2 - 2287*y. Determine l(1).
35
Let z(f) = f**2 - 9*f - 11. Let c be z(11). Let g(n) = n - 3. Calculate g(c).
8
Let i(b) = 3*b**2 - b + 5. Let y(z) = z**3 + 5*z**2 - 2*z + 9. Let r(k) = -7*i(k) + 4*y(k). Let t = 4718 + -4717. What is r(t)?
3
Let r(j) = j**3 - j**2 - 4*j - 3. Let c(h) = -7*h - 6. Let y(o) = -o**3 - 3*o**2 + 3. Let z be y(-3). Let b be c(z). Let k be b/15 - (-4)/(-20). What is r(k)?
-7
Let k be ((-4)/5)/((-6)/15). Let w be k*(-2)/4*5. Let v(o) = -o + 3*o + o**3 + 0*o**3 + 0*o + 5*o**2. What is v(w)?
-10
Let a(v) = v**2 - 8*v - 15. Let k be a(9). Let x = 10 + k. Let z(n) = -14*n**2 - 8*n + 14. Let j(l) = -5*l**2 - 3*l + 5. Let q(i) = 11*j(i) - 4*z(i). Give q(x).
11
Let d(f) = -f**2 + 6*f - 4. Suppose 3*z + n = -z + 19, -3*z = -4*n. Calculate d(z).
4
Suppose 4*o - 28 = -2*s - 2*s, 5 = -5*o + 5*s. Suppose -a = -a + o*a. Let t(p) = p + 2. Give t(a).
2
Let w(y) be the second derivative of -y**5/120 - y**4/6 + 8*y**3/3 + 4*y. Let b(t) be the second derivative of w(t). What is b(6)?
-10
Let x(s) = s**3 - 7*s**2 - 3*s + 2. Let g(k) = 169*k + 345. Let w be g(-2). Determine x(w).
-19
Let o(j) = j + 4. Let k be 862/(-66) - (-30)/495. Calculate o(k).
-9
Let k be ((-32)/(-72))/((-4)/(-18)). Let d(q) = -7*q**k - q + 15*q**2 - 4*q**2. Give d(1).
3
Let c be -2*6/12*0 - -2. Let z(f) be the second derivative of 9/2*f**c - 1/3*f**3 + 0 + 5*f - 1/20*f**5 + 7/12*f**4. Give z(7).
-5
Let d(z) = -6*z**3 + 4*z**2 - 3*z - 7. Let o(a) = 7*a**3 - 5*a**2 + 3*a + 8. Let j(r) = -6*d(r) - 5*o(r). Calculate j(-1).
-1
Let a(i) = 17*i**2 + 6*i - 5. Let j(g) = 5*g**2 + g - 1. Let d(f) = -a(f) + 5*j(f). Give d(1).
7
Suppose 100 = 9*h + 11*h. Let j(o) = -o**3 + 7*o**2 - 11*o + 5. Determine j(h).
0
Let l(u) = 19*u**2 - 42*u + 36*u - 4 - 2 - 21*u**2. Give l(-3).
-6
Let m(z) = z**2 + z. Let n be m(0). Let o(y) be the third derivative of -1/24*y**4 + 5/2*y**3 - 12*y**2 + 0 + 0*y. Determine o(n).
15
Suppose 4 = -5*q + q, 4*q - 1 = p. Let c(x) = -4*x**3 + 5*x**2 + 6 + 2*x**3 + 3*x**3. Let w be c(p). Let b(g) = -2*g + 6. Give b(w).
-6
Suppose 4*n - 5*n - o = -8, o + 4 = 2*n. Suppose 0 = 5*j - 4*g - 21 - 34, j + 13 = -n*g. Let v(y) = -y**2 + 9*y + 10. What is v(j)?
24
Let m(x) be the first derivative of -4*x**2 - 38*x - 142. Calculate m(-5).
2
Suppose 15*c - 11 = 4*c. Let r(d) be the first derivative of 1/3*d**3 + 2 + 0*d + 3/2*d**4 + 0*d**2. Calculate r(c).
7
Let g = 54 + -58. Let s(r) = r**3 + 4*r**2 + 7*r + 5. Determine s(g).
-23
Let j(u) be the second derivative of 0 + 1/24*u**4 + 6*u + u**2 - 1/3*u**3. Let i(h) be the first derivative of j(h). Give i(4).
2
Let s(j) = 74*j - 216. Let v be s(3). Let c(x) be the third derivative of -x**6/120 + x**5/10 - x**3/3 + 2*x**2. Give c(v).
-2
Let l(r) be the second derivative of -2/15*r**5 + 5*r**2 + 0 + 1/3*r**4 + 12*r + 1/120*r**6 - 2/3*r**3. Let y(p) be the first derivative of l(p). What is y(7)?
3
Let f = -1942 + 1957. Let t(i) = -i**2 + 15*i - 4. Give t(f).
-4
Let r(t) = 13*t. Suppose -8*h + 4*h + 17 = k, 0 = k - 2*h + 7. Calculate r(k).
13
Let d(v) = -7*v + 1. Let t(s) = -6*s**3 - 6*s**2 + 6*s - 3. Let a(r) = -r**3 + 1. Let z(h) = 5*a(h) - t(h). Let y be z(-7). Determine d(y).
-6
Let p(y) = 7*y**3 + 6 + 4*y**2 + 7*y**3 - 5*y**3 - 10*y**3. Calculate p(5).
-19
Let d(m) be the first derivative of -m**3/3 + 4*m**2 - 8*m - 111. Calculate d(9).
-17
Let o = 79 + -80. Let j(i) = i**3 - 2*i**2 - 2*i - 3. Let m be j(3). Let s(l) = -2*l**2 + m*l**2 + 6*l**2. Determine s(o).
4
Let f(z) be the third derivative of z**5/60 + z**4/24 - z**3 - 2*z**2. Calculate f(5).
24
Let g(j) = -2*j**2 - 4*j**2 - 5 - j - j**3 + 0*j**2. Let c = 340 + -345. Give g(c).
-25
Suppose 55*i = 60*i - 5. Let d(o) = 168*o - 77*o + o**2 - 87*o + i. Calculate d(-4).
1
Let x(t) be the second derivative of t**5/60 + t**4/6 - 5*t**3/6 + 3*t**2/2 + 8*t. Let y(o) be the first derivative of x(o). Calculate y(-4).
-5
Suppose 0 = 5*s + 1 - 6. Let b be (-4)/8*s*-10. Let n(m) = m**3 - 4*m**2 - 4*m - 4. What is n(b)?
1
Suppose 15 = -5*f, -x - 5*f - 6 = 1. Let q(t) = -x + 2 - 1 + t + 5. Give q(1).
-1
Suppose 2*t - 4*t + 172 = 0. Let k(q) = -q**2 + 85*q - t*q + 6 + 7. Determine k(0).
13
Suppose 29 = -3*a - 8*x + 13*x, x = 3*a + 49. Let i(f) = f**3 + 18*f**2 - 2*f - 42. Determine i(a).
-6
Let p(i) = 11*i**2 + 16*i + 2 - 12 - 70885*i**3 + 70886*i**3. Give p(-9).
8
Let m(c) be the second derivative of c**3/6 + c**2/2 + 13*c. Determine m(-1).
0
Suppose 708*y - 12 = 711*y. Let o(r) = -4*r**2 - 5*r + 1. Let b(w) = 7*w**2 + 9*w - 3. Let x(i) = 3*b(i) + 5*o(i). Determine x(y).
4
Let o(k) = -k**2 + 7*k + 7. Let v(f) = 9*f**2 + 2*f + 1. Suppose 2*t + 8 = -4*x + 3*t, 4*t = 3*x + 19. Let z be v(x). What is o(z)?
-1
Let l(n) = -2*n + 1. Let x(q) = 3*q**2 - q**3 + 1 + 0*q + q + 2*q**3. Suppose -4*i + 0*i = 8, -3*g - 10 = 2*i. Let j be x(g). Calculate l(j).
-5
Let z = -760 + 766. Let v(n) = n - 18. Calculate v(z).
-12
Suppose -29 = 6*q + 25. Let a(i) = -i**3 - 8*i**2 + 6*i - 19. Calculate a(q).
8
Let l(f) = -4*f + 11. Let i(q) = -1. Let g(s) = 6*i(s) + l(s). Let h(p) = -p + 1. Let n(a) = g(a) - 5*h(a). Give n(5).
5
Suppose -3*z - 2*z + 20 = -5*h, 2*z + 5*h - 1 = 0. Let f(a) = 0 + z - 5 + 5 - 6*a. Calculate f(2).
-9
Let j(y) = y**3 - y - 6. Let n be 0 - (-1)/(-2) - 2/(-4). Let v be j(n). Let m(q) = 9*q**2 + q**3 - 2*q**2 - q**2 + 2. What is m(v)?
2
Suppose -5*u + 4*u - 5 = 0. Let s(y) = 2*y + 69 - 21 + y**2 - 26 + 2*y - 28. Give s(u).
-1
Suppose -5*i + 10 = 5*z, -3*i + 0*z + z - 2 = 0. Let p(h) be the third derivative of -h**5/60 + 2*h**3/3 + 1635*h**2. Determine p(i).
4
Let q(j) = 3*j**2 + j + 20. Let v(t) = 2*t + 8. Let w(z) = q(z) - 3*v(z). Give w(5).
46
Suppose 7 = -d + 2*d. Let l(z) = -5 - 7 - z**2 - 3 + 8 - d*z. Determine l(-7).
-7
Let o(m) = 37*m - 4. Let d(r) = -16*r + 2. Let i(q) = -7*d(q) - 3*o(q). What is i(5)?
3
Let m be (11 + -2)*(-1)/3. Let n = 2 + m. Let j(s) = -s. Let z(a) = -2*a**2 + 1. Let c(i) = n*z(i) + 4*j(i). Determine c(3).
5
Suppose -27*g - 3*g = 180. Let p(r) = r**3 + 5*r**2 - 5*r - 6. Calculate p(g).
-12
Suppose 4*g - 2*w + 20 = 0, -10 = 2*g + 4*w - 0*w. Let v(b) = b**2 + 7*b. Determine v(g).
-10
Let a = -12 - -10. Let y be -2*((-7)/a)/7. Let i be (1 - -1 - 1)/y. Let b(n) = 6*n - 1. Give b(i).
-7
Let p(u) = -u**3 + 3*u**2 - 4*u + 11. Let n(f) = f**2 - f - 1. Let b be 3 + ((-4)/2 - (-8 - -13)). Let y(m) = b*n(m) - p(m). Determine y(6).
5
Let q(l) = -4*l**2 - l. Let d(c) = -c**3 + 12*c**2 + 13*c + 6. Let z be d(13). Suppose 0 = -2*b - 0*b + z. Suppose b*x - 7 = -4. What is q(x)?
-5
Suppose -3*j + 12 = 5*u, -4*u = -0*u - 5*j - 17. Let x be 2/2 - (-5 + u). Let i(t) = t**3 - 2*t**2 - 4*t + 3. What is i(x)?
0
Suppose -220 + 35 = 95*a + 5. Let f(o) = -3*o - 5 + 4 - o. Calculate f(a).
7
Let b(s) = 9*s**2 - 3*s - 1. Let c(p) = 5*p**2 - p - 1. Let w(y) = 4*b(y) - 7*c(y). Determine w(5).
3
Let u(k) = 1 + 5 - 5 + 4 - k + 2